or of 30 and g?
15
Suppose 0 = -5*j - 5*m + 410, 0 = 2*j - 3*m - 23 - 116. Suppose 2*c = 5*k + 27, 26*c = 22*c + k + 45. Calculate the highest common factor of c and j.
11
Let p = -73 - -63. Let c(r) = -r**3 - 9*r**2 + 10*r + 11. Let y be c(p). What is the highest common divisor of y and 11?
11
Suppose 4 = 3*a + 16. Let c = a + 21. Calculate the greatest common divisor of c and 34.
17
Suppose 0 = 5*r + 25, -23 = -2*x - 5*r. Let t = 89 + -59. Let h = 46 - t. Calculate the greatest common factor of h and x.
8
Let v(r) = -r**2 + 9*r + 24. Let i be v(11). Suppose 2*u + y = -2*u + 520, 0 = -4*u + i*y + 520. Calculate the highest common factor of u and 26.
26
Let h be 28/(-3)*(-33)/11. Suppose -x - 294 = -4*x. What is the highest common divisor of h and x?
14
Let o(y) = 13*y**2 - 3*y + 6. Let h be o(4). Let j be h/(-18)*-3 - 8/12. Suppose 4*k + 0*k = 44. Calculate the greatest common divisor of j and k.
11
Let r = 1268 + -848. Suppose -3*a + y - 700 = -8*a, 2*y + r = 3*a. Calculate the greatest common factor of 56 and a.
28
Let p(g) = -4*g + 9. Let j(s) = 12*s - 28. Let w(h) = -6*j(h) - 20*p(h). Let m be w(5). Calculate the highest common factor of m and 4.
4
Let g(r) = -5*r + 9. Let a be g(-3). Calculate the greatest common factor of a and 48.
24
Suppose 7*c - 14*c + 21 = 0. Suppose 8*q - c*q = 1400. Calculate the greatest common divisor of q and 35.
35
Let q be (-1)/(-2*3/24) - -41. What is the highest common factor of q and 10?
5
Let x be (-485)/(-2) + 5/40*4. What is the highest common factor of x and 9?
9
Let a = 90 - -22. What is the highest common divisor of 21 and a?
7
Let p(w) = 8*w + 20. Let x be p(-7). Let j be (-280)/x - (-12)/54. What is the highest common divisor of 56 and j?
8
Let u be (6 - (-60)/(-24))*30. Calculate the highest common divisor of 280 and u.
35
Suppose 5*d - 5*r - 41 = 3*d, 2*r = -4*d + 118. What is the highest common factor of 70 and d?
14
Let a = 35 - 24. Let w be -1 + 4 + (4 - (4 + 0)). Suppose w*t = t + 66. What is the greatest common factor of t and a?
11
Let v be (-2 - (-2 + -1))*1. Suppose v = -t + 9. Let n be 10/((-2)/4*(-12)/24). What is the greatest common factor of t and n?
8
Suppose -7*i = -9*i + 56. Let d(k) = -21*k. Let c be d(2). Let m = 70 + c. What is the highest common divisor of i and m?
28
Let k = 0 - -874. What is the greatest common divisor of k and 76?
38
Let b = 3 - 1. Let w be (-2968)/(-210) - (-1)/((-15)/2). What is the highest common divisor of w and b?
2
Let i(x) = 3*x**3 - 2*x**2 + 18*x + 24. Let z be i(6). What is the greatest common factor of 36 and z?
12
Let i = -435 + 486. What is the highest common divisor of i and 425?
17
Let f = -6 - -118. What is the greatest common factor of 128 and f?
16
Let l be ((-12)/(-15))/(4/10). Let z be ((-1)/l)/((-5)/480). Suppose -5*k = -3*o - 6 - 71, 3*k = -o + 49. Calculate the greatest common divisor of z and k.
16
Let i = 133 - 187. Let a = 83 + i. Suppose -2*z + 244 = 2*r + 2*z, 0 = -r + z + 113. Calculate the highest common divisor of a and r.
29
Let d be 3/(-2)*(-11200)/120. Calculate the highest common factor of 42 and d.
14
Let m(j) = -j**3 + 8*j**2 + 22*j - 8. Let u be m(10). Calculate the greatest common factor of u and 96.
12
Let x = -1 + 42. Let i(h) = -h**3 - 8*h**2 - 20*h - 25. Let k be i(-6). Let o = x - k. Calculate the highest common factor of o and 27.
9
Let w = 353 - 313. Calculate the highest common factor of 30 and w.
10
Suppose -49 = -2*x - 43. What is the greatest common factor of 27 and x?
3
Let y = -2234 - -2364. Calculate the highest common factor of y and 715.
65
Let k be 1/5*-3 + (-6575)/(-125). Calculate the highest common factor of k and 260.
52
Let q be ((-6)/(-8) - 0)/(12/144). Let n(s) = -s**3 + 11*s**2 - 13*s - 9. Let y be n(q). Calculate the greatest common divisor of y and 90.
18
Let p(w) = w**3 - 8*w**2 - 9*w + 12. Let n be p(9). Let k = 54 + n. Suppose -2*g + 191 = -139. Calculate the greatest common factor of k and g.
33
Let o = -49 - -55. Let n = o - -14. Calculate the greatest common factor of 140 and n.
20
Let o(f) = 3*f**2 - 9*f + 22. Let b be o(2). What is the highest common factor of b and 176?
16
Suppose -5*u - 4*o + 435 = -180, 4*o - 369 = -3*u. Calculate the greatest common divisor of u and 3.
3
Suppose 4*j - 548 = 72. What is the greatest common factor of j and 31?
31
Let s(n) = -n**2 + 5*n + 16. Let p be s(7). Suppose p*h - 90 - 62 = 0. What is the greatest common factor of h and 38?
38
Let j be (-4)/(-12) + (-77)/(-3). Suppose 0 = -n - n + j. What is the greatest common divisor of 1 and n?
1
Suppose 8*j = 3*j + 5*n, -5*n = 5*j. Suppose 4*f + 18 - 50 = j. What is the highest common factor of 88 and f?
8
Suppose -2*b - 56*b + 1856 = 0. What is the highest common factor of 160 and b?
32
Let c = 89 - 84. Suppose 3*t - 13 = c. What is the greatest common factor of 54 and t?
6
Suppose -40 - 36 = -4*r. Let x = 42 + -36. Suppose o + 5*i = 51 - r, -4*i = -2*o - x. What is the greatest common factor of o and 1?
1
Suppose 6*h = -22 - 68. Let y = 29 + h. What is the highest common divisor of y and 126?
14
Let x be (-2448)/(-60) - 2/(-10). Suppose 0 = -3*l + x + 55. Calculate the highest common divisor of 8 and l.
8
Let c(j) = -2*j**3 - 2*j - 3. Let i be c(-2). Let o(p) = 11*p**2 + 7*p - 12. Let l be o(-4). What is the highest common factor of i and l?
17
Suppose -5*z + 2*c = -485, 4*c - 458 = -5*z + 57. Calculate the greatest common factor of z and 66.
33
Let i(o) = -o**3 + 27*o**2 + 60*o - 18. Let j be i(29). What is the highest common divisor of 280 and j?
40
Suppose -4*i + 62 = 5*a, 2*a = 5*i - 0*a - 61. Let x = 99 + -71. Let r be (x - (2 - 0))/((-2)/(-3)). Calculate the greatest common factor of i and r.
13
Suppose 2*r + 4*g = 3*r - 161, 0 = -5*r + 4*g + 821. What is the greatest common divisor of r and 60?
15
Let k = 156 + -126. What is the greatest common divisor of k and 165?
15
Let x(n) = -27*n. Let z be x(-1). Let m = -5 + z. Suppose -m = -4*a + 58. Calculate the highest common divisor of a and 160.
20
Let i = 39 + -27. Let w(o) = o**3 - 5*o**2 - 5*o - 2. Let h be w(6). Suppose i = h*y - 8. Calculate the highest common divisor of 5 and y.
5
Let q = -2 + 7. Suppose 0 = 3*n + 9, 0 = 7*w - 3*w + 5*n + 7. Suppose u + 14 = w*u + q*m, -42 = -3*u + 5*m. What is the greatest common divisor of u and 126?
14
Let b be 1 - (4 + (-170)/5). Suppose 5*a - 9 = b. Calculate the greatest common divisor of 16 and a.
8
Let o = 34 + -33. Let i(p) = -2*p**2 + 15*p - 13. Let h be i(6). Calculate the highest common divisor of o and h.
1
Let y be (1/(-3))/(1/(-9)). Suppose 0*s = -y*s + 360. Suppose -2*n - 4*z + s = 2*n, 5*n = 4*z + 150. What is the greatest common divisor of n and 45?
15
Let d(s) = 53*s - 198. Let j be d(6). What is the greatest common divisor of j and 540?
60
Let g(l) = 104*l + 329. Let w be g(-3). Calculate the greatest common divisor of 153 and w.
17
Let c(k) = -64*k - 292. Let t be c(-25). Calculate the highest common divisor of t and 24.
12
Suppose -100 = -6*y + 2*y. Let n = 40 - 35. Suppose -20 = -n*r + r. Calculate the greatest common factor of y and r.
5
Suppose -2391 = -93*w + 9327. Calculate the greatest common factor of 18 and w.
18
Suppose 6*s - 7 = 5*s + 5*r, -r = 3*s - 5. Suppose 5*l + o = 40, 7 = s*l + 2*o - 1. What is the greatest common factor of 6 and l?
3
Let l(o) = 160*o. Let r be l(1). Let u = -34 + 50. What is the greatest common divisor of r and u?
16
Suppose -7*h + 6*h + 5*x = 298, 1470 = -5*h + 5*x. Let q = 491 + h. What is the greatest common factor of 22 and q?
22
Suppose -3*v + 172 = 2*v + 2*n, -196 = -5*v + 4*n. Calculate the highest common divisor of 684 and v.
36
Let s be 17/5 - (-30)/(-75). Suppose b - 52 = -s*b. What is the highest common factor of 91 and b?
13
Let f = 309 + -297. Let q(k) = -2*k - 7. Let u be q(-6). Suppose 5*j = 3*a - 85, u*a - 76 = -5*j + 79. What is the highest common divisor of a and f?
6
Let g(s) = 2*s**2 - 32*s - 27. Let d be g(17). Calculate the highest common divisor of d and 399.
7
Let v(o) = -2*o + 9. Let p be v(9). Let z(u) = -u**2 - 12*u + 3. Let x be z(p). What is the highest common divisor of 15 and x?
15
Suppose -3*p = 4*c - 0*c - 63, -5*p - 5*c = -110. What is the highest common factor of p and 475?
25
Let p be ((-1)/(-2))/((-7)/(-1904)*8). Cal